when 2215 is divided by z.
10
Let s(z) = -2*z**2 - 31*z - 15. Let p(m) = m**2 - 2*m + 52. What is the remainder when s(-9) is divided by p(0)?
50
Suppose -330 + 1442 = 4*j. Suppose 4*c + 0*w - j = w, 5*c - 339 = -3*w. Let b = c - 58. Calculate the remainder when 30 is divided by b.
8
Suppose 99*k - 1984 - 1260 = 1508. What is the remainder when 724 is divided by k?
4
Suppose -10*d + 2 = -8*d, 258 = 4*u - 2*d. Calculate the remainder when u is divided by 65.
0
Let h(t) = 26*t - 150. Suppose -d = -37 + 29. What is the remainder when h(d) is divided by 16?
10
Suppose 0 = -20*t - 186*t + 20188. Calculate the remainder when 637 is divided by t.
49
Suppose 3*z = -6*n + n, 3*z = -3*n. Suppose -i + 3*f + 4 = z, -2*f - 20 = -5*i + 3*i. Calculate the remainder when 86 is divided by i.
8
Calculate the remainder when 229 is divided by ((-15)/(-20))/((-1)/(-2 - 42 - 0)).
31
Calculate the remainder when 644 is divided by (1876/10)/(9/15) + 160/(-240).
20
Suppose 456 = -9*g + 132. What is the remainder when (3/(-9) + 1)/((-1)/(-42)) is divided by 134/14 - g/84?
8
What is the remainder when (33/4)/(((-4)/(-24))/(-8 - -12)) is divided by 70?
58
Let r(k) = k**3 + 15*k**2 - 57*k - 916. What is the remainder when 242 is divided by r(-14)?
8
Suppose 3199*u - 1585*u = 1600*u + 3374. Calculate the remainder when u is divided by 21.
10
Let a(j) = 5*j + 98. Let n(b) = 2*b + 32. Let m(l) = 3*a(l) - 8*n(l). What is the remainder when 73 is divided by m(23)?
13
Let r be (1353/(-121) - -13) + 2/11. Calculate the remainder when 83 is divided by ((-880)/264)/(r/(-6)).
3
Let t = 603 + 389. Calculate the remainder when t is divided by 71.
69
Let u(q) = -q**3 - 27*q**2 - 50*q + 18. Let s(v) = -3*v**3 - 23*v**2 + 12*v + 7. Let r be s(-8). Calculate the remainder when 71 is divided by u(r).
17
Let i(b) = 10*b - 121. Let z be i(-9). Let d = z + 253. Calculate the remainder when 251 is divided by d.
41
Let z(i) = -i**2 - 87*i - 1617. Suppose -4*m + 12 = 0, -3*m + 289 = -4*u + 1016. What is the remainder when u is divided by z(-59)?
9
Let z(d) = -d**3 + 19*d**2 - 44*d - 23. Suppose -2*b + v + 0 - 2 = 0, 6 = 2*b + 3*v. Let x(w) = -w + 14. What is the remainder when z(16) is divided by x(b)?
13
Suppose 4*w + 2*x = 23958, w - 2472 = x + 3522. Calculate the remainder when w is divided by 28.
27
Let q = 5172 - 275. What is the remainder when q is divided by 86?
81
Let w = -252 - -254. Suppose 0 = -w*z - 3*z + 760. What is the remainder when z is divided by (-366)/(-12) - (-2)/4?
28
Let w = -90 + 93. Let n(l) = 5*l**2 - 8*l - 8. Let k(a) = 4*a**2 - 9*a - 7. Let g(c) = w*k(c) - 2*n(c). What is the remainder when 119 is divided by g(-2)?
19
Suppose a + 44 = 3*p + p, 5*a = -3*p + 33. Calculate the remainder when p is divided by 176/20 + (-6)/(-30).
2
Suppose 41*b - 1236 = 35*b. Suppose -10*n + b + 114 = 0. What is the remainder when 92 is divided by n?
28
Let l = 1318 - 1232. What is the remainder when l is divided by 12?
2
Suppose -20*u + 235 = 795. Calculate the remainder when (u/3)/(3/(-18)) is divided by 26.
4
Suppose 10*l - 14*l - 861 = 3*o, 3*l + 2*o = -646. Let y = l - -248. Calculate the remainder when 38 is divided by y.
6
Suppose 0 = -340*o + 330*o + 3040. Calculate the remainder when o is divided by (-2 - (-7)/3)*54.
16
Suppose 0 = 3*w + 3*a - 1524, 6*w = w + 5*a + 2500. Calculate the remainder when w is divided by 15.
9
Suppose 7*d - 2*d - 15 = 0. Suppose -66*j + 368 = -22*j - 908. Calculate the remainder when j is divided by d.
2
Let v be -46*(-1)/10 + 8/20. Suppose -4*l + 129 + 65 = v*g, -5*g = 3*l - 143. What is the remainder when l is divided by 34?
17
Let u be 100/15*(6/(-4))/1. Let r(x) = x**3 + 11*x**2 + 11*x + 64. Calculate the remainder when r(u) is divided by 16.
6
Let n be (5 - 0/3) + 0. Calculate the remainder when 10 is divided by ((-7)/21)/(n/(-75)).
0
Suppose 4*d + 879 = -d - 3*o, 2*d - 4*o + 336 = 0. Let w = d + 268. Let v = 65567 - 65555. Calculate the remainder when w is divided by v.
10
Suppose -4*s = -5*z + 1217, -2*s + 1259 = 7*z - 2*z. What is the remainder when z is divided by 65?
54
Let w = 70 + -99. Let g = -25 - w. Suppose q + 2*q = -4*i + 25, 0 = -q + g*i - 13. Calculate the remainder when 25 is divided by q.
1
Suppose -1877*f + 4*v - 58 = -1880*f, -2*v + 44 = 3*f. Let m(j) = 12*j - 4. Let z be m(4). Let i = z - 17. What is the remainder when i is divided by f?
7
Suppose 2*f - 6 = 0, 0 = -o - 13*f + 12*f + 5. Calculate the remainder when 44 is divided by (64/48)/(o/21).
2
Let z = -9 - -11. Let q(y) be the second derivative of 4*y**3/3 - 2*y**2 + 7*y. Calculate the remainder when 47 is divided by q(z).
11
Suppose -20*w + 13*w + 2814 = 0. Let h = -393 + w. Calculate the remainder when 133 is divided by h.
7
Let a be (-2)/4 - 377/(-26). Let p(n) = -n**3 + 16*n**2 - 27*n + 14. What is the remainder when p(a) is divided by ((-50)/(-20))/((-5)/(-12))?
4
Suppose 86*p + 396836 = 397*p. What is the remainder when p is divided by 607?
62
Let h = -13894 - -13945. What is the remainder when 5046 is divided by h?
48
Calculate the remainder when -12*(-7413)/2268 + 2/(-9) is divided by 8.
7
Suppose -3*x - 18*y = -16*y - 4314, -3*x + 2*y + 4302 = 0. What is the remainder when x is divided by 24?
20
Suppose 3*h - 43 - 17 = 3*x, 0 = -h - 5*x + 32. Suppose 0 = t + 7 - h. What is the remainder when 313 is divided by t?
13
Suppose -5 - 22 = -z. Suppose 2*d = -d + k + 1130, -4*k - 770 = -2*d. Calculate the remainder when d is divided by z.
24
Suppose v - 34 = -v. Suppose -2*m + o = -v, -3*m - 2*m = -2*o - 40. Suppose 2*c - 40 = -k - 16, 5*k + 4*c = 114. What is the remainder when k is divided by m?
4
Let v = -18 + 27. Suppose 276*f = 293*f + 1031*f - 4192. Calculate the remainder when v is divided by f.
1
Let n = 32 - 11. Let p(c) = c**3 - 8*c**2 - 11*c + 130. Let x be p(8). Suppose x*v - 46*v + 164 = 0. What is the remainder when v is divided by n?
20
Let v be 1107/(-36) - (-4)/(-16)*1. Let f(a) = -a**2 + 4. Let t be f(-5). Let w = t - v. Calculate the remainder when 89 is divided by w.
9
What is the remainder when 8833 is divided by 26/(-4)*-2 - -4*3/12?
13
Suppose -5*k - 2*g = -31334, 11*k - 5*k - 37644 = 3*g. What is the remainder when k is divided by 28?
26
Let j = -28131 + 28877. Calculate the remainder when j is divided by 322.
102
Let z = 1046 - 877. What is the remainder when z is divided by 110?
59
Let u(i) = 9*i**2 - 499*i - 1994. Calculate the remainder when u(-4) is divided by 11.
3
Suppose -32 = -4*w + 4*z + 8, 0 = 2*w - 3*z - 22. What is the remainder when 0 + 224/2 + 33 + -34 is divided by w?
7
Let n(g) = g**3 + 6*g**2 - 31*g - 79. What is the remainder when 688 is divided by n(-6)?
46
Let c = 100 - 98. Suppose 4*b = c*s - 12, -3*s + 53 - 5 = 4*b. Calculate the remainder when 55 is divided by s.
7
Let a = -1105 - -1122. Let v = 87 - 21. What is the remainder when v is divided by a?
15
Let p = 3397 + -3152. Calculate the remainder when p is divided by 50.
45
Let n be 4/(-3 + (-3 - -16))*10. Let j(y) = -4*y**3 + n*y**3 + 2*y**2 + 6 - y**3 - y. Calculate the remainder when 35 is divided by j(0).
5
Let w(p) = -2*p**2 + p - 1. Let v be w(0). Let q be 4/((-12)/15*v/2). Suppose 0 = 15*s - q*s - 95. Calculate the remainder when 111 is divided by s.
16
Let c(u) = 3*u + 5. Let b(p) = p + 3. Let m(x) = 7*b(x) - 2*c(x). What is the remainder when 22 is divided by m(-5)?
4
Let p be -863*1*2 + -5 + 7. Let i = 3088 + p. What is the remainder when 1/(-3 - (1 - i/340)) is divided by 44?
41
Suppose -2*r + 2*i + 81 = 73, 12 = 3*i. Suppose -4*d = r, 0 = 3*y - d - 239 - 72. Suppose 4*b - 27 = 3*b. What is the remainder when y is divided by b?
22
Suppose -5*w + 3*k - 7 = -118, -3*w = 3*k - 57. Suppose w*h - 19*h - 48 = 0. What is the remainder when 285 is divided by h?
21
Let n(c) = 7*c + 29. Let z = -51 - -57. Let y(d) = 20*d + 86. Let f(k) = z*y(k) - 17*n(k). Calculate the remainder when 119 is divided by f(7).
29
Let f = 7887 + -6876. Calculate the remainder when 1030 is divided by f.
19
Suppose -2*x + 10*a = 8*a - 30, 0 = 2*x + 3*a - 35. Calculate the remainder when 4014 is divided by x.
14
Let q(d) = -d + 93. What is the remainder when q(-14) is divided by 14?
9
Suppose -9 = 2*o - 1, -21 = -d - 2*o. Let c(u) = 380*u + 5. Let k be c(2). Suppose 5*g - k = -4*g. What is th